e 6) to base 4
20103211232
12210101002 (base 3) to base 9
183332
-617b8 (base 13) to base 4
-222230301
What is -51afb (base 16) in base 9?
-558863
Convert 5187420 (base 9) to base 14.
523003
What is -bd7c (base 14) in base 15?
-9ae7
What is -2140334 (base 7) in base 12?
-107675
What is 2014040 (base 5) in base 9?
48384
Convert 34335533 (base 6) to base 8.
4014321
What is 50322315 (base 6) in base 11?
894541
-47588 (base 9) to base 5
-2004312
What is 212222101 (base 4) in base 11?
a8a78
4109c (base 14) to base 12
76716
b7daa5 (base 14) to base 13
139b504
32334212 (base 5) to base 11
17a491
-102221102202 (base 4) to base 7
-56354616
Convert -321404222 (base 5) to base 4.
-11023100030
-6604012 (base 7) to base 5
-201324432
Convert -23220421 (base 5) to base 12.
-a1b54
Convert 31981 (base 10) to base 12.
16611
eb1e (base 16) to base 6
1142354
-201102230 (base 4) to base 13
-4a0b7
-111101100011111010101 (base 2) to base 3
-10210111010111
Convert -12222212012011 (base 3) to base 8.
-14116315
131952 (base 10) to base 15
2916c
What is 34312030 (base 5) in base 3?
120121022120
Convert -2314328 (base 9) to base 3.
-2100111100222
What is -110111101011101 (base 2) in base 8?
-67535
What is 963197 (base 14) in base 13?
108b009
-305552045 (base 6) to base 3
-101000011212002
What is -4886856 (base 9) in base 3?
-11222220221220
What is -230036 (base 8) in base 6?
-1400234
5725c8 (base 14) to base 7
34125241
1011010101000100010100 (base 2) to base 16
2d5114
What is -a531aa (base 12) in base 8?
-11721122
-11001111010100011001 (base 2) to base 13
-239694
What is 6ac91 (base 14) in base 11?
168721
-430a37 (base 13) to base 8
-5777357
What is 3881160 (base 10) in base 8?
16634310
Convert -260b8 (base 15) to base 8.
-355511
What is 18391e (base 15) in base 5?
300122204
33423213 (base 5) to base 15
5c808
What is -242411100 (base 5) in base 14?
-218b75
What is -497a43 (base 13) in base 8?
-6554161
What is -10613156 (base 8) in base 2?
-1000110001011001101110
Convert 8b007 (base 14) to base 16.
5266f
Convert 1010000101101101111 (base 2) to base 12.
13b3a7
What is 10220111011 (base 3) in base 9?
126434
What is 2c238 (base 14) in base 7?
636201
Convert 321524000 (base 6) to base 9.
11628060
What is 801a06 (base 13) in base 15?
3db3c7
What is 5305153 (base 6) in base 7?
2122323
What is -11010100111101001 (base 2) in base 13?
-3a822
Convert 1572842 (base 11) to base 16.
28f063
Convert 164589 (base 15) to base 16.
107277
-12107630 (base 8) to base 14
-4d2a36
What is -1120202102001 (base 3) in base 5?
-203412224
-11001100000000101011 (base 2) to base 14
-17a759
What is 222213132 (base 4) in base 12?
85026
11113402140 (base 5) to base 4
232232002002
Convert 1100333 (base 7) to base 10.
134627
What is -101201200201 (base 3) in base 15?
-42891
-1003322012 (base 4) to base 10
-278150
What is -3020410444 (base 5) in base 10?
-6028874
Convert 240665 (base 8) to base 7.
462052
Convert -5652592 (base 11) to base 10.
-9900684
Convert ef3ba (base 16) to base 8.
3571672
What is 535631 (base 7) in base 14?
25dc1
Convert -139998 (base 16) to base 13.
-35c880
-f9950 (base 16) to base 2
-11111001100101010000
Convert 1302210020 (base 4) to base 16.
72908
2087077 (base 9) to base 2
100010001100100011111
Convert 3200310030 (base 4) to base 7.
10553451
Convert 101011100111110110110011 (base 2) to base 3.
210111222110221
Convert 5c94b0 (base 14) to base 3.
12222100022020
-3318655 (base 9) to base 3
-10100122201212
What is -c0b43 (base 14) in base 13?
-132ab4
Convert -3a2535a (base 11) to base 4.
-122203212112
Convert -312322053 (base 6) to base 15.
-726606
What is -248938 (base 11) in base 8?
-1376374
-10101101011101101101 (base 2) to base 3
-1100002122011
1262605 (base 8) to base 13
c4c94
Convert 5024604 (base 9) to base 11.
15668a7
What is 112010010021 (base 3) in base 13?
99601
-520504 (base 6) to base 10
-41656
-1837b (base 16) to base 4
-120031323
Convert -1420132 (base 5) to base 4.
-13023221
Convert -31406151 (base 7) to base 4.
-22020311301
What is b4532 (base 13) in base 14?
8603b
What is -608 (base 14) in base 7?
-3311
Convert 1000010000011100000 (base 2) to base 7.
2204543
What is 1023991 (base 12) in base 8?
13445675
Convert 4458472 (base 10) to base 12.
15b0174
What is -10100002010 (base 3) in base 11?
-45378
25033 (base 13) to base 12
33531
Convert 1000101110100001100 (base 2) to base 14.
76300
What is -13771523 (base 8) in base 14?
-5bb311
364230 (base 7) to base 5
4110233
c6b77 (base 15) to base 4
2121321001
What is -513b9 (base 14) in base 4?
-233233313
What is 146101 (base 7) in base 6?
340011
Convert -123040130 (base 6) to base 8.
-11061466
-111020210021 (base 3) to base 12
-106b37
10101110101100001010 (base 2) to base 13
1c08ba
Convert 2136306 (base 7) to base 9.
437656
What is -3600025 (base 7) in base 10?
-453808
Convert -a2172 (base 13) to base 7.
-2316154
Convert 653650 (base 7) to base 12.
56111
What is 33100113 (base 4) in base 10?
62487
What is -8a0471 (base 11) in base 8?
-5363364
Convert -355817 (base 11) to base 3.
-1001122122212
102100210201122 (base 3) to base 5
3021220322
1263150 (base 9) to base 10
691218
-22033120232 (base 4) to base 15
-3805e2
Convert 945925 (base 10) to base 4.
3212330011
What is -160200 (base 7) in base 11?
-21585
Convert 101101110110110101 (base 2) to base 11.
119134
-11175290 (base 10) to base 5
-10330102130
What is 100011001111111011 (base 2) in base 8?
431773
Convert 852063 (base 9) to base 2.
1111011101101011000
What is 1770411 (base 9) in base 8?
3617505
-4810217 (base 9) to base 15
-366c4a
158cc (base 13) to base 5
2303231
-3015502 (base 7) to base 6
-11354114
7999915 (base 10) to base 7
124666240
What is 135410425 (base 7) in base 4?
201323101033
-10201122111 (base 3) to base 2
-10001111010011100
1312132 (base 6) to base 13
26888
Convert -2300221 (base 6) to base 13.
-4118b
What is 110100011011001010 (base 2) in base 16?
346ca
What is 1b284 (base 13) in base 14?
15542
What is 25a9714 (base 11) in base 16?
44c7ec
Convert -3856635 (base 10) to base 12.
-135ba23
141558 (base 10) to base 11
9739a
What is -101001011101111101 (base 2) in base 11?
-106682
Convert 10021212211 (base 3) to base 11.
44755
27a350 (base 11) to base 14
b5a45
111363620 (base 7) to base 2
11001110101010110111101
Convert -41103333 (base 5) to base 15.
-68448
What is 920b (base 16) in base 10?
37387
What is -a55208 (base 14) in base 12?
-1a538a0
-10010110100000011111110 (base 2) to base 9
-10246180
Convert 10110101011001111111 (base 2) to base 14.
154b03
Convert 702470 (base 8) to base 3.
102201110220
2a153 (base 11) to base 3
2011200010
What is 215989 (base 10) in base 11?
138304
-81b00b (base 12) to base 7
-23154365
1100000110101100110100 (base 2) to base 10
3173172
Convert 59093 (base 12) to base 6.
2320303
-28849 (base 14) to base 10
-100417
ca6068 (base 16) to base 15
126eb6c
What is 48652 (base 10) in base 9?
73657
Convert 10001000100001010011001 (base 2) to base 5.
2121122442
Convert -2f5a5b (base 16) to base 9.
-5748856
Convert 21d58 (base 16) to base 12.
68248
Convert -3430154 (base 7) to base 15.
-869cb
Convert 112000011100 (base 3) to base 4.
1003103133
Convert -1a23b (base 13) to base 10.
-50919
What is -1375427 (base 8) in base 15?
-7b209
Convert -1414535 (base 6) to base 8.
-234373
Convert -2502033 (base 7) to base 6.
-10505403
16a9614 (base 14) to base 6
1035200522
Convert -14162444 (base 9) to base 15.
-936aea
Convert -211120303 (base 6) to base 4.
-32012122233
What is 231304131 (base 5) in base 9?
1856181
Convert 506310 (base 7) to base 11.
59887
Convert 221210021002 (base 3) to base 16.
7beb7
9a8368 (base 12) to base 10
2461184
What is -1101110011011001 (base 2) in base 12?
-28875
Convert 179d7 (base 15) to base 11.
52505
151363 (base 7) to base 12
14b97
Convert 30dc6 (base 15) to base 6.
3153310
Convert 123251 (base 7) to base 6.
253232
1100101100000000000111 (base 2) to base 9
6228320
What is 2112223211 (base 5) in base 2?
10000110101101011100101
222221011202102 (base 3) to base 11
8096636
Convert 111010100011000 (base 2) to base 13.
1084b
3313124 (base 5) to base 12
291a1
-1101100001100111010001 (base 2) to base 3
-20200010120210
Convert -1bb7b (base 13) to base 9.
-83015
What is c18c5 (base 13) in base 3?
122121020012
Convert 77342 (base 1